 What is the highest common factor of q and 13?
13
Let t be 0 + 0 + 0 + 99. Let w be (-1994)/12 - (-2)/12. Let x = w + 175. What is the highest common divisor of t and x?
9
Suppose -4*t + 50 = -2*p, 4*p + 55 = t - 17. Suppose 2*l - 56 = 5*u, -2*l - u - 3*u + 38 = 0. Let j = l + p. Calculate the greatest common factor of 3 and j.
3
Suppose n = 35 + 77. Suppose -3*u - 5*m + 230 = 0, 4*u - 276 = -0*u + m. Suppose -2*h + u = 3*h. Calculate the highest common factor of h and n.
14
Suppose 3*w - 4*u = u + 69, 0 = -w - 6*u + 46. What is the highest common factor of w and 6?
2
Let t(q) = -4*q + 32. Let k be t(8). Suppose 5*d + 3*g - 82 = k, d + g + 2*g - 14 = 0. What is the highest common divisor of d and 119?
17
Suppose 28*w - 30*w + 320 = 0. Calculate the highest common divisor of w and 10.
10
Suppose c - a = 13, 2*c - a - 6 = 19. Let g be (-11 + 21)*c/10. What is the highest common divisor of 42 and g?
6
Let c = -4 + 11. Let a(f) = 10*f. Let v be a(8). Let s = 143 - v. What is the highest common divisor of c and s?
7
Suppose 0 = -5*m + 450 - 150. Let c = 381 + -231. What is the highest common factor of m and c?
30
Let v = 16 + -17. Let c be v/(2 + (-93)/45). What is the highest common factor of 45 and c?
15
Let v = 48 + -28. Suppose -877 = 11*g - 19. Let l be 4 + 7/((-21)/g). Calculate the highest common divisor of v and l.
10
Let z be (-150)/(-2) + (4 - 2). Let o be -6*(-4)/8 - -32. Suppose -g - 4*g = -o. What is the highest common factor of z and g?
7
Suppose 0 = 5*o + 25, 0 = -4*k + k - 5*o - 127. Let f = -26 - k. Calculate the greatest common factor of 72 and f.
8
Suppose 43*c + 80 = 48*c. What is the greatest common divisor of 176 and c?
16
Let u = 335 - 682. Let x = 600 + u. Calculate the highest common divisor of x and 23.
23
Let p = 1049 - 776. What is the highest common divisor of p and 26?
13
Suppose 0 = 3*t - 21 - 0. Let m(x) = -x**2 + 6*x + 13. Let b be m(t). Calculate the greatest common divisor of b and 6.
6
Let b(a) = 2*a**3 + 11*a**2 + a - 2. Let o be b(-5). Calculate the greatest common factor of 1143 and o.
9
Suppose 10*l = 15*l - 15. Let w(h) = h**2 - h - 3. Let g be w(3). What is the highest common factor of l and g?
3
Let v(t) = -t**3 - 3*t**2 - 4*t - 4. Let c be v(-2). Suppose c = -8*z + 7*z + 8. Calculate the greatest common divisor of 12 and z.
4
Let y be ((-12)/(-8))/((-1)/(-4)). Calculate the highest common divisor of 84 and y.
6
Let a be (18/2 - 2) + -4. Suppose -a*s = s - 220. Suppose -i = -0*i - s. What is the highest common factor of 5 and i?
5
Let o = 33 - 31. Suppose 36 = -o*v + 4*v. Calculate the highest common divisor of v and 45.
9
Suppose 58 = f + f. Let d be f - (2 + 4 + -1). What is the greatest common divisor of 12 and d?
12
Let o be (-2496)/260*5*-1. Let u be 6/15 + 84/15. Calculate the greatest common factor of u and o.
6
Let r = 320 - 229. Let s(f) = 6*f - 5. Let v = 40 + -37. Let g be s(v). Calculate the greatest common divisor of r and g.
13
Suppose 0 = 10*p - 9507 - 123. Calculate the greatest common factor of p and 9.
9
Let v(b) = 31*b + 349. Let t be v(-9). Calculate the highest common divisor of t and 385.
35
Suppose -3*w + 30 = -w + 2*l, 0 = -3*w - l + 43. Suppose -g + 18 = -v - 31, -5*g - 4*v = -272. Let u = 80 - g. What is the greatest common factor of u and w?
14
Let c(w) = -8*w - w**3 + 0*w**3 + 0*w**3 - 15*w**2 - 6*w + 9. Let q be ((-14)/3)/((-4)/(-12)). Let y be c(q). What is the highest common divisor of y and 27?
9
Suppose 3*f + 3 = 75. Let r = 28 + -26. Suppose 3*q + l = 25, q + 5*l = r*q - 3. Calculate the greatest common divisor of q and f.
8
Let u(m) = 33*m**2 - 3*m + 6. Let j be u(2). Suppose 4*c + j = 16*c. Suppose -36 = -5*b + x + 70, -2*b = 5*x - 64. What is the highest common factor of c and b?
11
Let n(v) = -9 - 4 + v**2 + 3 - 5*v + 0*v. Let j be n(7). Let d = -13 - -29. What is the highest common factor of d and j?
4
Let b be 66/(-176) - (-657)/(-24)*-1. Calculate the greatest common divisor of 387 and b.
9
Let x = 20 + -13. Let u = 12 - x. Suppose -u*s = 2*s - 70. Calculate the highest common divisor of s and 1.
1
Let k = 44 + -37. Let w(n) = -n**3 + 8*n**2 - 7*n + 14. Let m be w(k). What is the greatest common divisor of 56 and m?
14
Let n(d) = 58*d - 21. Let b be n(7). Suppose -91*g + 96*g = b. What is the highest common divisor of g and 11?
11
Let b = 65 + -49. Suppose -i + u = -b, -39 - 27 = -4*i + 5*u. Calculate the highest common divisor of i and 7.
7
Suppose 5*g + z - 18 = 0, -4*g = -2*z - 7 - 13. What is the greatest common divisor of 14 and g?
2
Suppose -8 + 48 = 5*u. Suppose -y - 90 = -5*l, 0*l - 3*y + 19 = 2*l. Let v be (l - 1)/((-3)/(-6)). Calculate the highest common divisor of v and u.
8
Suppose t = -t + 18. Suppose 59 + 103 = 6*w. Calculate the highest common divisor of w and t.
9
Let c(g) = -52*g**3 - g. Let i be c(-1). Let r = -45 + i. Calculate the greatest common factor of r and 72.
8
Suppose -52 - 22 = -2*o. Let w = o - 6. Let j = w - 21. What is the highest common divisor of 15 and j?
5
Let x be (-2400)/(-70) - 4/14. Suppose 2*s + g = -2*g + 13, x = s - 4*g. What is the greatest common divisor of 154 and s?
14
Suppose 5*s = 6*a - 2*a + 3343, 3*s - 2019 = -2*a. Calculate the greatest common factor of s and 22.
11
Let h(o) be the first derivative of o**2 - 7*o + 107. Suppose -22 = -3*k + k. Let m be h(k). What is the greatest common factor of 105 and m?
15
Let c = 2 + 2. Suppose 3*r + c*p = 13, -6*p = r - p - 8. Suppose -r = 4*d - 15. What is the highest common divisor of 3 and d?
3
Let z be 11 - 3 - 4 - -1. Suppose -5*s = v - 28 + 12, -8 = -s - z*v. What is the highest common factor of s and 6?
3
Suppose -5*k + 231 = -4*n - 2*k, -4*n - 206 = 2*k. Let q be 0/2 - (0 + n). Calculate the highest common factor of q and 9.
9
Suppose 0 = 2*q + 2*m - 4 - 92, 0 = m. Suppose 0 = 4*v + 3*k + q, -3*v + k = 6*k + 47. Let u be 6/v*2*-6. What is the highest common factor of u and 64?
8
Let l be (-51 - 0) + 3 + -2. Let v = -37 - l. What is the highest common divisor of v and 117?
13
Let m = -55 - -54. Let l be 19 + (-4 - (-4 + m)). What is the greatest common factor of l and 80?
20
Let p be 340/6*480/200. Suppose 4*z = 3*c - 38, z = -0*z - 5*c + 2. Let w(s) = -s + 9. Let b be w(z). Calculate the highest common factor of b and p.
17
Let h(l) = -3*l - 7. Let v be h(-5). Let q be (-6 - 0)/(-2) + -1. Let u = 6 + q. Calculate the greatest common divisor of v and u.
8
Suppose -6*f + 1039 = 997. Let v be (-2 + 1)/((-1)/21). What is the highest common factor of f and v?
7
Suppose 0 = 5*k + 18*t - 20*t - 30, -5*k + 55 = 3*t. Calculate the highest common factor of 3 and k.
1
Let c(v) be the third derivative of v**4/24 + 3*v**3 - 15*v**2. Let f be c(-13). What is the highest common divisor of f and 1?
1
Suppose 2*q - 1 = q. Let n = -49 - -59. Let j = n - q. Calculate the greatest common divisor of 63 and j.
9
Let w(o) = 6*o + 7. Let u be w(6). Suppose -3*h + h = 23426. Let n be (-2)/(-7) - h/91. What is the greatest common divisor of n and u?
43
Let c = 6 + 84. Let t = c - 83. What is the highest common factor of t and 35?
7
Let y be (-228)/(-75)*5*160. Calculate the greatest common divisor of y and 76.
76
Let m be 1/(((-30)/(-12))/(5*17)). Let f = -23 - -108. What is the highest common factor of f and m?
17
Let l(b) = -b - 1. Let r be l(-1). Suppose 84 = -r*d + 4*d. Suppose -323 = 15*y - 1268. What is the greatest common factor of d and y?
21
Suppose -6*h = -342 + 102. Suppose 2 = 6*r - 5*r, 0 = -b + r + 18. What is the greatest common divisor of h and b?
20
Let u = 3 + 30. What is the greatest common divisor of u and 22?
11
Let n = -576 - -599. Calculate the highest common divisor of 1 and n.
1
Suppose 2*z - 15 = -z - 3*q, 2*q - 2 = 2*z. Let x be -10 + 6 - (-52)/z. What is the greatest common divisor of x and 33?
11
Suppose 0*o = -o - 1. Let z be -3*(0 - o)/1. Let k be 16*(2 + 1 - z). Calculate the greatest common factor of 12 and k.
12
Let z(q) = -q**2 - 15*q - 8. Let h be z(-13). Suppose 0 = 8*x - h - 206. Calculate the greatest common factor of 112 and x.
28
Let k be (2*-3)/(-1)*18/27. Suppose d + k*o - 16 = 19, 0 = -3*o. Calculate the greatest common divisor of d and 105.
35
Suppose 0*c + 15 = c. Let j = -35 + 50. Calculate the greatest common factor of c and j.
15
Let t = 12 